{"id":12,"date":"2020-02-09T18:50:03","date_gmt":"2020-02-09T17:50:03","guid":{"rendered":"http:\/\/codep79-plongee.fr\/?page_id=12"},"modified":"2025-12-11T17:02:38","modified_gmt":"2025-12-11T16:02:38","slug":"lecodep79","status":"publish","type":"page","link":"http:\/\/codep79-plongee.fr\/index.php\/lecodep79\/","title":{"rendered":"Le CODEP 79"},"content":{"rendered":"\n<p><\/p>\n\n\n\n<p>Le CODEP 79 fait peau neuve et change de site web dans la continuit\u00e9 de vous informer de nos actions \u00e0 travers le d\u00e9partement, dans nos clubs et dans nos commission.<\/p>\n\n\n\n<p class=\"has-medium-font-size\"><strong>Qui sommes-nous<\/strong> ?<\/p>\n\n\n\n<p>Nous somme une association (loi 1901), agr\u00e9\u00e9e&nbsp;par la <a href=\"http:\/\/www.ffessm.fr\/\">FFESSM<\/a> :<\/p>\n\n\n\n<ul class=\"wp-block-list\">\n<li> Num\u00e9ro d&rsquo;agr\u00e9ment de la FFESSM :&nbsp;<strong>0792004108<\/strong> <\/li>\n\n\n\n<li>D\u00e9clar\u00e9 en pr\u00e9fecture des Deux-S\u00e8vres le 20 juin 1983. <\/li>\n\n\n\n<li>Identifiant&nbsp;:&nbsp;SIREN&nbsp;:&nbsp;<strong>447&nbsp;598&nbsp;996<\/strong>,&nbsp;SIRET&nbsp;:&nbsp;<strong>447&nbsp;598&nbsp;996 00026<\/strong><\/li>\n\n\n\n<li>Adresse : <strong>CODEP 79 &#8211; 3 sis &#8211; Lieu-dit La Carri\u00e8re &#8211; 79420 SAINT LIN<\/strong><\/li>\n<\/ul>\n\n\n\n<p>Nous sommes 9 Clubs affili\u00e9s dans le d\u00e9partement :<\/p>\n\n\n\n<ul class=\"wp-block-list\">\n<li>Niort (79000) : l&rsquo;APNEE (<a aria-label=\" (s\u2019ouvre dans un nouvel onglet)\" href=\"https:\/\/www.plongee79.com\/\" target=\"_blank\" rel=\"noreferrer noopener\">https:\/\/www.plongee79.com\/<\/a>)<\/li>\n\n\n\n<li>Niort (79000) : Milles Bulles (<a href=\"https:\/\/mille-bulles-79.vpdive.com\/\" target=\"_blank\" rel=\"noreferrer noopener\">https:\/\/mille-bulles-79.vpdive.com\/<\/a>)<\/li>\n\n\n\n<li>Niort (79000) Les Apneistes Des Deux-S\u00e8vres <\/li>\n\n\n\n<li>Melle (79500) : C.P.M. (<a aria-label=\" (s\u2019ouvre dans un nouvel onglet)\" href=\"http:\/\/club-de-plongee-mellois.wifeo.com\/\" target=\"_blank\" rel=\"noreferrer noopener\">http:\/\/club-de-plongee-mellois.wifeo.com\/<\/a>)<\/li>\n\n\n\n<li>Celles sur Belle (79370) : Octopus Cellois (<a aria-label=\" (s\u2019ouvre dans un nouvel onglet)\" href=\"https:\/\/octopus79.wixsite.com\/accueil\" target=\"_blank\" rel=\"noreferrer noopener\">https:\/\/octopus79.wixsite.com\/accueil<\/a>)<\/li>\n\n\n\n<li>Saint Maixent (79400) : C.R.E.N.S.O.A (<a href=\"https:\/\/crensoa-plongee.vpdive.com\/\" target=\"_blank\" rel=\"noreferrer noopener\">https:\/\/crensoa-plongee.vpdive.com\/<\/a>)<\/li>\n\n\n\n<li>Parthenay (79200) : C.A.R.P <\/li>\n\n\n\n<li>Bressuire (79300) : Les Compagnons de Neptune. (http:\/\/Les-Compagnons-de-Neptune-79.vpdive.com)<\/li>\n\n\n\n<li>Thouars (79100) : Le Club Subaquatique de Thouars (<a aria-label=\" (s\u2019ouvre dans un nouvel onglet)\" href=\"http:\/\/couleurplongee.free.fr\/cst.html\" target=\"_blank\" rel=\"noreferrer noopener\">http:\/\/couleurplongee.free.fr\/cst.html<\/a>)<\/li>\n<\/ul>\n\n\n\n<p>Le comit\u00e9 a pour objet de d\u00e9cliner dans son activit\u00e9 d\u00e9partementale les missions d\u00e9finies au Titre 1 de la&nbsp;F\u00e9d\u00e9ration Fran\u00e7aise d\u2019Etudes et des Sports Sous Marins.<\/p>\n\n\n\n<p>Il est charg\u00e9 de d\u00e9velopper et de favoriser dans son d\u00e9partement, et par tous les moyens appropri\u00e9s&nbsp;:<\/p>\n\n\n\n<ul class=\"wp-block-list\">\n<li>Le plan sportif, artistique, culturel ou scientifique, la connaissance, l\u2019\u00e9tude, la protection du monde et du patrimoine subaquatiques ainsi que du respect de l\u2019environnement<\/li>\n<\/ul>\n\n\n\n<p>Il est charg\u00e9 \u00e9galement de d\u00e9velopper et de favoriser la pratique de toutes les activit\u00e9s et sports subaquatiques ou connexes, notamment la nage avec accessoires, pratiqu\u00e9e en mer, piscine, lac ou eau vive.<\/p>\n\n\n\n<p>Pour assurer une meilleure s\u00e9curisation de ses pratiques, le comit\u00e9 a \u00e9galement pour objet l\u2019enseignement du secourisme et il peut participer, notamment sur demande des autorit\u00e9s, \u00e0 des missions de secours ou de recherches.<\/p>\n\n\n\n<p>Le comit\u00e9 a pour objectif l\u2019acc\u00e8s \u00e0 la pratique des activit\u00e9s physiques et sportives. Il ne poursuit aucun but lucratif et s\u2019interdit toute d\u00e9cision ou manifestation pr\u00e9sentant un caract\u00e8re politique ou confessionnel. Il s\u2019interdit \u00e9galement toute discrimination notamment en permettant l\u2019\u00e9gal acc\u00e8s \u00e0 tous les licenci\u00e9s aux organes de direction. Il veille aux respects de ces principes par ses membres ainsi qu\u2019au respect de la charte de d\u00e9ontologie du sport \u00e9tablie par le Comit\u00e9 National Olympique et Sportif Fran\u00e7ais.<\/p>\n\n\n\n<p>Le comit\u00e9 d\u00e9partemental contribue au d\u00e9veloppement et \u00e0 la promotion de la plong\u00e9e dans le d\u00e9partement en mettant l\u2019accent sur l\u2019organisation et le suivi des cadres. Ceci lui permet d\u2019ouvrir l\u2019activit\u00e9 \u00e0 des publics sp\u00e9cifiques tels que les enfants et les handicap\u00e9s.<\/p>\n\n\n\n<p>Le comit\u00e9 propose au travers de ces clubs et de ces commission d\u00e9partementales, les activit\u00e9s suivantes&nbsp;:<\/p>\n\n\n\n<ul class=\"wp-block-list\">\n<li>Plong\u00e9e sous marine (Formations techniques adultes, jeunes et enfants)<\/li>\n\n\n\n<li>Formations : moniteurs, colloques\u2026<\/li>\n\n\n\n<li>Formation au secourisme (PSC1, RIFAP, ANTEOR\u2026)<\/li>\n\n\n\n<li>Formation biologie subaquatique, respect de l\u2019environnement<\/li>\n\n\n\n<li>Formation en photo et vid\u00e9o sous-marine<\/li>\n\n\n\n<li>Plong\u00e9e souterraine<\/li>\n\n\n\n<li>Plong\u00e9e Tech&nbsp;(Qualifications Nitrox et Trimix)<\/li>\n\n\n\n<li>Hockey subaquatique<\/li>\n\n\n\n<li>Apn\u00e9e<\/li>\n\n\n\n<li>Nage avec palmes<\/li>\n\n\n\n<li>HandiSub<\/li>\n\n\n\n<li>D\u00e9couverte de l\u2019activit\u00e9 sous forme de bapt\u00eames (Participation aux journ\u00e9es \u00ab&nbsp;Le mois du sport&nbsp;\u00bb)<\/li>\n<\/ul>\n\n\n\n<p class=\"has-text-align-center has-medium-font-size\"><strong>Le bureau , pr\u00e9sidents-es des Commissions et r\u00e9f\u00e9rents-es d&rsquo;activit\u00e9s <\/strong><\/p>\n\n\n\n<p class=\"has-text-align-center has-medium-font-size\"><strong>(Octobre 2025 &#8211; Novembre 2028)<\/strong><\/p>\n\n\n\n<div class=\"wp-block-columns is-layout-flex wp-container-core-columns-is-layout-28f84493 wp-block-columns-is-layout-flex\">\n<div class=\"wp-block-column is-layout-flow wp-block-column-is-layout-flow\" style=\"flex-basis:100%\">\n<div class=\"wp-block-columns is-layout-flex wp-container-core-columns-is-layout-28f84493 wp-block-columns-is-layout-flex\">\n<div class=\"wp-block-column is-layout-flow wp-block-column-is-layout-flow\" style=\"flex-basis:100%\">\n<div class=\"wp-block-columns is-layout-flex wp-container-core-columns-is-layout-28f84493 wp-block-columns-is-layout-flex\">\n<div class=\"wp-block-column is-layout-flow wp-block-column-is-layout-flow\" style=\"flex-basis:100%\">\n<figure class=\"wp-block-table is-style-stripes\"><table class=\"has-fixed-layout\"><tbody><tr><td class=\"has-text-align-center\" data-align=\"center\">Nathalie MASSE<\/td><td class=\"has-text-align-center\" data-align=\"center\">Pr\u00e9sidente<\/td><\/tr><tr><td class=\"has-text-align-center\" data-align=\"center\">Isabelle LARVOIRE<\/td><td class=\"has-text-align-center\" data-align=\"center\">Pr\u00e9sidente Adjointe<\/td><\/tr><tr><td class=\"has-text-align-center\" data-align=\"center\"><em>Vacant<\/em><\/td><td class=\"has-text-align-center\" data-align=\"center\">Secr\u00e9taire<\/td><\/tr><tr><td class=\"has-text-align-center\" data-align=\"center\">H\u00e9l\u00e8ne BOISDY<\/td><td class=\"has-text-align-center\" data-align=\"center\">Secr\u00e9taire Adjointe &#8211; R\u00e9f\u00e9rente groupe de travail \u00ab\u00a0St-Lin\u00a0\u00bb<\/td><\/tr><tr><td class=\"has-text-align-center\" data-align=\"center\">Pierre GRANIER<\/td><td class=\"has-text-align-center\" data-align=\"center\">Tr\u00e9sorier<\/td><\/tr><tr><td class=\"has-text-align-center\" data-align=\"center\">Christophe DUARTE<\/td><td class=\"has-text-align-center\" data-align=\"center\">Tr\u00e9sorier Adjoint<\/td><\/tr><tr><td class=\"has-text-align-center\" data-align=\"center\">Olivier CLUZEAU<\/td><td class=\"has-text-align-center\" data-align=\"center\">Membre du bureau &#8211; Pr\u00e9sident com Photo-Vid\u00e9o sous-marine &#8211; R\u00e9f\u00e9rent Digital et num\u00e9rique<\/td><\/tr><tr><td class=\"has-text-align-center\" data-align=\"center\">Alain GENDRON<\/td><td class=\"has-text-align-center\" data-align=\"center\">Membre du bureau &#8211; R\u00e9f\u00e9rent &#8211; TIV<\/td><\/tr><tr><td class=\"has-text-align-center\" data-align=\"center\">Jean Fran\u00e7ois LEBAIGUE<\/td><td class=\"has-text-align-center\" data-align=\"center\">Membre du bureau &#8211; R\u00e9f\u00e9rent Secourisme <\/td><\/tr><tr><td class=\"has-text-align-center\" data-align=\"center\">Eric MURZEAU<\/td><td class=\"has-text-align-center\" data-align=\"center\">Membre du bureau<\/td><\/tr><tr><td class=\"has-text-align-center\" data-align=\"center\">Juan RODRIGUEZ<\/td><td class=\"has-text-align-center\" data-align=\"center\">Membre du bureau &#8211; Pr\u00e9sident Commission Technique<\/td><\/tr><tr><td class=\"has-text-align-center\" data-align=\"center\">Jean-Pierre STEFANATO<\/td><td class=\"has-text-align-center\" data-align=\"center\">Membre d&rsquo;honneur &#8211; Pr\u00e9sident de Commission Souterraine<\/td><\/tr><tr><td class=\"has-text-align-center\" data-align=\"center\">Fr\u00e9d\u00e9ric GUIRRIEC<\/td><td class=\"has-text-align-center\" data-align=\"center\">Pr\u00e9sident Commission Apn\u00e9e <\/td><\/tr><tr><td class=\"has-text-align-center\" data-align=\"center\">Sylvie TOULOUSE<\/td><td class=\"has-text-align-center\" data-align=\"center\">Membre du bureau- pr\u00e9sidente Commission Bio<\/td><\/tr><tr><td class=\"has-text-align-center\" data-align=\"center\">Philippe BURGUY<\/td><td class=\"has-text-align-center\" data-align=\"center\">R\u00e9f\u00e9rent HandiSub<\/td><\/tr><\/tbody><\/table><\/figure>\n\n\n\n<p><\/p>\n\n\n\n<p><\/p>\n<\/div>\n<\/div>\n<\/div>\n<\/div>\n<\/div>\n<\/div>\n","protected":false},"excerpt":{"rendered":"<p>Le CODEP 79 fait peau neuve et change de site web dans la continuit\u00e9 de vous informer de nos actions \u00e0 travers le d\u00e9partement, dans nos clubs et dans nos commission. Qui sommes-nous ? Nous somme une association (loi 1901), agr\u00e9\u00e9e&nbsp;par la FFESSM : Nous sommes 9 Clubs affili\u00e9s dans le d\u00e9partement : Le comit\u00e9 a pour objet de d\u00e9cliner dans son activit\u00e9 d\u00e9partementale les missions d\u00e9finies au Titre 1 de la&nbsp;F\u00e9d\u00e9ration Fran\u00e7aise d\u2019Etudes et des Sports Sous Marins. Il est charg\u00e9 de d\u00e9velopper et de favoriser dans son d\u00e9partement, et par tous les moyens appropri\u00e9s&nbsp;: Il est charg\u00e9 \u00e9galement de d\u00e9velopper et de favoriser la pratique de toutes les activit\u00e9s et sports subaquatiques ou connexes, notamment la nage avec accessoires, pratiqu\u00e9e en mer, piscine, lac ou eau vive. Pour assurer une meilleure s\u00e9curisation de ses pratiques, le comit\u00e9 a \u00e9galement pour objet l\u2019enseignement du secourisme et il peut participer, notamment sur demande des autorit\u00e9s, \u00e0 des missions de secours ou de recherches. Le comit\u00e9 a pour objectif l\u2019acc\u00e8s \u00e0 la pratique des activit\u00e9s physiques et sportives. Il ne poursuit aucun but lucratif et s\u2019interdit toute d\u00e9cision ou manifestation pr\u00e9sentant un caract\u00e8re politique ou confessionnel. Il s\u2019interdit \u00e9galement toute discrimination notamment en permettant l\u2019\u00e9gal acc\u00e8s \u00e0 tous les licenci\u00e9s aux organes de direction. Il veille aux respects de ces principes par ses membres ainsi qu\u2019au respect de la charte de d\u00e9ontologie du sport \u00e9tablie par le Comit\u00e9 National Olympique et Sportif Fran\u00e7ais. Le comit\u00e9 d\u00e9partemental contribue au d\u00e9veloppement et \u00e0 la promotion de la plong\u00e9e dans le d\u00e9partement en mettant l\u2019accent sur l\u2019organisation et le suivi des cadres. Ceci lui permet d\u2019ouvrir l\u2019activit\u00e9 \u00e0 des publics sp\u00e9cifiques tels que les enfants et les handicap\u00e9s. Le comit\u00e9 propose au travers de ces clubs et de ces commission d\u00e9partementales, les activit\u00e9s suivantes&nbsp;: Le bureau , pr\u00e9sidents-es des Commissions et r\u00e9f\u00e9rents-es d&rsquo;activit\u00e9s (Octobre 2025 &#8211; Novembre 2028) Nathalie MASSE Pr\u00e9sidente Isabelle LARVOIRE Pr\u00e9sidente Adjointe Vacant Secr\u00e9taire H\u00e9l\u00e8ne BOISDY Secr\u00e9taire Adjointe &#8211; R\u00e9f\u00e9rente groupe de travail \u00ab\u00a0St-Lin\u00a0\u00bb Pierre GRANIER Tr\u00e9sorier Christophe DUARTE Tr\u00e9sorier Adjoint Olivier CLUZEAU Membre du bureau &#8211; Pr\u00e9sident com Photo-Vid\u00e9o sous-marine &#8211; R\u00e9f\u00e9rent Digital et num\u00e9rique Alain GENDRON Membre du bureau &#8211; R\u00e9f\u00e9rent &#8211; TIV Jean Fran\u00e7ois LEBAIGUE Membre du bureau &#8211; R\u00e9f\u00e9rent Secourisme Eric MURZEAU Membre du bureau Juan RODRIGUEZ Membre du bureau &#8211; Pr\u00e9sident Commission Technique Jean-Pierre STEFANATO Membre d&rsquo;honneur &#8211; Pr\u00e9sident de Commission Souterraine Fr\u00e9d\u00e9ric GUIRRIEC Pr\u00e9sident Commission Apn\u00e9e Sylvie TOULOUSE Membre du bureau- pr\u00e9sidente Commission Bio Philippe BURGUY R\u00e9f\u00e9rent HandiSub<\/p>\n","protected":false},"author":1,"featured_media":0,"parent":0,"menu_order":0,"comment_status":"closed","ping_status":"closed","template":"","meta":{"footnotes":""},"class_list":["post-12","page","type-page","status-publish","hentry"],"_links":{"self":[{"href":"http:\/\/codep79-plongee.fr\/index.php\/wp-json\/wp\/v2\/pages\/12","targetHints":{"allow":["GET"]}}],"collection":[{"href":"http:\/\/codep79-plongee.fr\/index.php\/wp-json\/wp\/v2\/pages"}],"about":[{"href":"http:\/\/codep79-plongee.fr\/index.php\/wp-json\/wp\/v2\/types\/page"}],"author":[{"embeddable":true,"href":"http:\/\/codep79-plongee.fr\/index.php\/wp-json\/wp\/v2\/users\/1"}],"replies":[{"embeddable":true,"href":"http:\/\/codep79-plongee.fr\/index.php\/wp-json\/wp\/v2\/comments?post=12"}],"version-history":[{"count":36,"href":"http:\/\/codep79-plongee.fr\/index.php\/wp-json\/wp\/v2\/pages\/12\/revisions"}],"predecessor-version":[{"id":1603,"href":"http:\/\/codep79-plongee.fr\/index.php\/wp-json\/wp\/v2\/pages\/12\/revisions\/1603"}],"wp:attachment":[{"href":"http:\/\/codep79-plongee.fr\/index.php\/wp-json\/wp\/v2\/media?parent=12"}],"curies":[{"name":"wp","href":"https:\/\/api.w.org\/{rel}","templated":true}]}}