{"id":226,"date":"2020-02-16T13:55:28","date_gmt":"2020-02-16T12:55:28","guid":{"rendered":"http:\/\/codep79-plongee.fr\/?page_id=226"},"modified":"2020-02-16T14:34:44","modified_gmt":"2020-02-16T13:34:44","slug":"commission-apnee-plongee-libre","status":"publish","type":"page","link":"https:\/\/codep79-plongee.fr\/index.php\/commission-apnee-plongee-libre\/","title":{"rendered":"Commission Apn\u00e9e (Plong\u00e9e Libre)"},"content":{"rendered":"\n<figure class=\"wp-block-gallery aligncenter columns-2 wp-block-gallery-1 is-layout-flex wp-block-gallery-is-layout-flex\"><ul class=\"blocks-gallery-grid\"><li class=\"blocks-gallery-item\"><figure><img loading=\"lazy\" decoding=\"async\" width=\"322\" height=\"463\" src=\"http:\/\/codep79-plongee.fr\/wp-content\/uploads\/2020\/02\/CPL_img3.png\" alt=\"\" data-id=\"233\" data-full-url=\"http:\/\/codep79-plongee.fr\/wp-content\/uploads\/2020\/02\/CPL_img3.png\" data-link=\"http:\/\/codep79-plongee.fr\/cpl_img3\/\" class=\"wp-image-233\" srcset=\"https:\/\/codep79-plongee.fr\/wp-content\/uploads\/2020\/02\/CPL_img3.png 322w, https:\/\/codep79-plongee.fr\/wp-content\/uploads\/2020\/02\/CPL_img3-209x300.png 209w\" sizes=\"auto, (max-width: 322px) 100vw, 322px\" \/><\/figure><\/li><li class=\"blocks-gallery-item\"><figure><img loading=\"lazy\" decoding=\"async\" width=\"322\" height=\"462\" src=\"http:\/\/codep79-plongee.fr\/wp-content\/uploads\/2020\/02\/CPL_img2.png\" alt=\"\" data-id=\"232\" data-full-url=\"http:\/\/codep79-plongee.fr\/wp-content\/uploads\/2020\/02\/CPL_img2.png\" data-link=\"http:\/\/codep79-plongee.fr\/cpl_img2\/\" class=\"wp-image-232\" srcset=\"https:\/\/codep79-plongee.fr\/wp-content\/uploads\/2020\/02\/CPL_img2.png 322w, https:\/\/codep79-plongee.fr\/wp-content\/uploads\/2020\/02\/CPL_img2-209x300.png 209w\" sizes=\"auto, (max-width: 322px) 100vw, 322px\" \/><\/figure><\/li><li class=\"blocks-gallery-item\"><figure><img loading=\"lazy\" decoding=\"async\" width=\"446\" height=\"333\" src=\"http:\/\/codep79-plongee.fr\/wp-content\/uploads\/2020\/02\/CPL_img1.png\" alt=\"\" data-id=\"231\" data-full-url=\"http:\/\/codep79-plongee.fr\/wp-content\/uploads\/2020\/02\/CPL_img1.png\" data-link=\"http:\/\/codep79-plongee.fr\/cpl_img1\/\" class=\"wp-image-231\" srcset=\"https:\/\/codep79-plongee.fr\/wp-content\/uploads\/2020\/02\/CPL_img1.png 446w, https:\/\/codep79-plongee.fr\/wp-content\/uploads\/2020\/02\/CPL_img1-300x224.png 300w\" sizes=\"auto, (max-width: 446px) 100vw, 446px\" \/><\/figure><\/li><\/ul><\/figure>\n\n\n\n<p><strong> D\u00e9finition de la plong\u00e9e Libre ou Apn\u00e9e (wikip\u00e9dia)<\/strong><\/p>\n\n\n\n<p>Dans le cadre des sports sous-marins, la <strong>plong\u00e9e en apn\u00e9e<\/strong> ou <strong>plong\u00e9e libre<\/strong> d\u00e9signe la <a href=\"https:\/\/fr.wikipedia.org\/wiki\/Plong%C3%A9e_sous-marine\">plong\u00e9e<\/a> avec interruption de la ventilation contrairement \u00e0 la plong\u00e9e en <a href=\"https:\/\/fr.wikipedia.org\/wiki\/Scaphandre_autonome\">scaphandre autonome<\/a> dans laquelle le pratiquant respire un gaz sous pression stock\u00e9 dans des <a href=\"https:\/\/fr.wikipedia.org\/wiki\/Bouteille_de_plong%C3%A9e\">bouteilles de plong\u00e9e<\/a>. La plong\u00e9e en apn\u00e9e d\u00e9clenche automatiquement le <a href=\"https:\/\/fr.wikipedia.org\/wiki\/R%C3%A9flexe_d%27immersion_chez_les_mammif%C3%A8res\">r\u00e9flexe d&rsquo;immersion partag\u00e9 par l&rsquo;ensemble des mammif\u00e8res<\/a>.<\/p>\n\n\n\n<p>La plong\u00e9e en apn\u00e9e peut \u00eatre pratiqu\u00e9e comme simple activit\u00e9 de loisir ou en comp\u00e9tition. Elle peut se combiner \u00e0 d&rsquo;autres pratiques subaquatiques dans le cadre de la <a href=\"https:\/\/fr.wikipedia.org\/wiki\/Randonn%C3%A9e_subaquatique\">randonn\u00e9e subaquatique<\/a> (en alternance avec l&rsquo;utilisation d&rsquo;un <a href=\"https:\/\/fr.wikipedia.org\/wiki\/Tuba_%28plong%C3%A9e%29\">tuba<\/a> une fois en surface), de la <a href=\"https:\/\/fr.wikipedia.org\/wiki\/Photographie_sous-marine\">photographie sous-marine<\/a>, de la <a href=\"https:\/\/fr.wikipedia.org\/wiki\/P%C3%AAche_sous-marine\">p\u00eache sous-marine<\/a> ou du <a href=\"https:\/\/fr.wikipedia.org\/wiki\/Tir_sur_cible_subaquatique\">tir sur cible subaquatique<\/a>.<\/p>\n\n\n\n<p>La plong\u00e9e libre fait partie des <a href=\"https:\/\/fr.wikipedia.org\/wiki\/Sport_extr%C3%AAme\">sports extr\u00eames<\/a> en raison des risques inh\u00e9rents \u00e0 la recherche de la performance en comp\u00e9tition. Le record de dur\u00e9e est d\u00e9tenu par le fran\u00e7ais <a href=\"https:\/\/fr.wikipedia.org\/wiki\/St%C3%A9phane_Mifsud\">St\u00e9phane Mifsud<\/a> et s&rsquo;\u00e9tablit \u00e0 11 minutes et 35 secondes (<a href=\"https:\/\/fr.wikipedia.org\/wiki\/Apn%C3%A9e_statique\">apn\u00e9e statique<\/a>), tandis que l&rsquo;autrichien <a href=\"https:\/\/fr.wikipedia.org\/wiki\/Herbert_Nitsch\">Herbert Nitsch<\/a> d\u00e9tient le record de profondeur avec 214&nbsp;m (<a href=\"https:\/\/fr.wikipedia.org\/wiki\/Apn%C3%A9e_No_Limit\">apn\u00e9e No Limit<\/a>). Dans le cadre de sa pratique comme activit\u00e9 de loisir, elle est davantage li\u00e9e \u00e0 l&rsquo;exploration sous-marine et constitue une extension plus experte ou plus sportive du <a href=\"https:\/\/fr.wikipedia.org\/wiki\/Snorkeling\">snorkeling<\/a> ouvrant ainsi l&rsquo;acc\u00e8s \u00e0 une exploration des profondeurs.<\/p>\n\n\n\n<p><strong>A qui s&rsquo;adresse l&rsquo;apn\u00e9e ?<\/strong><\/p>\n\n\n\n<div class=\"wp-block-image\"><figure class=\"aligncenter size-large\"><img loading=\"lazy\" decoding=\"async\" width=\"320\" height=\"157\" src=\"http:\/\/codep79-plongee.fr\/wp-content\/uploads\/2020\/02\/CPL_img4.png\" alt=\"\" class=\"wp-image-234\" srcset=\"https:\/\/codep79-plongee.fr\/wp-content\/uploads\/2020\/02\/CPL_img4.png 320w, https:\/\/codep79-plongee.fr\/wp-content\/uploads\/2020\/02\/CPL_img4-300x147.png 300w\" sizes=\"auto, (max-width: 320px) 100vw, 320px\" \/><\/figure><\/div>\n\n\n\n<p>Vous aimez l&rsquo;eau et souhaitez d\u00e9couvrir \u00ab&nbsp;la plong\u00e9e libre&nbsp;\u00bb&nbsp;?<br>Vous chassez en mer et voulez travailler votre apn\u00e9e&nbsp;?<\/p>\n\n\n\n<p>Vous voulez pouvoir explorer les fonds marins sans aucun mat\u00e9riel&nbsp;cons\u00e9quent?<br>Vous voulez pratiquez le tir sur cible&nbsp;?<\/p>\n\n\n\n<p>Quelque soit votre motivation, la pratique de l&rsquo;apn\u00e9e est ouvert \u00e0 tous \u00e0 partir de 16 ans. Chacun \u00e9volue suivant son propre niveau. Nul besoin d&rsquo;\u00eatre ou d&rsquo;avoir \u00e9t\u00e9 un grand nageur. Les encadrants sont l\u00e0 pour vous accompagner \u00e0 travailler votre technique et la faire \u00e9voluer.<\/p>\n\n\n\n<p><strong> Comment est pratiqu\u00e9e l&rsquo;apn\u00e9e ?<\/strong><\/p>\n\n\n\n<p>\nAu sein des clubs, nous formons, entra\u00eenons et\npratiquons en piscine. \n<\/p>\n\n\n\n<p>\nEn parall\u00e8le, nous pratiquons en fosse (-20m)\n\u00e0 l&rsquo;occasion de sorties organis\u00e9es \u00e0 Civaux. \n<\/p>\n\n\n\n<p>\nL&rsquo;\u00e9t\u00e9, plusieurs sorties en mer sont\nprogramm\u00e9es.<\/p>\n\n\n\n<p>\nLe site de Saint Lin, une carri\u00e8re d\u00e9di\u00e9e\naux activit\u00e9s subaquatique, nous pratiquons toutes les activit\u00e9s\nd\u2019apn\u00e9e verticale. Des stages y sont organis\u00e9s.<\/p>\n\n\n\n<p>\n<strong>Techniques\nd&rsquo;entrainement&nbsp;:<\/strong><\/p>\n\n\n\n<div class=\"wp-block-image\"><figure class=\"aligncenter size-large\"><img loading=\"lazy\" decoding=\"async\" width=\"240\" height=\"137\" src=\"http:\/\/codep79-plongee.fr\/wp-content\/uploads\/2020\/02\/CPL_img6.png\" alt=\"\" class=\"wp-image-236\"\/><\/figure><\/div>\n\n\n\n<p>\nLa pratique de l&rsquo;apn\u00e9e se travaille sous\ndiff\u00e9rentes formes&nbsp;: statique, dynamique avec palmes, dynamique\nsans palmes, poids constant etc.<\/p>\n\n\n\n<p>\nN\nous\ncommen\u00e7ons l&rsquo;ann\u00e9e par \u00ab&nbsp;muscler&nbsp;\u00bb le c\u0153ur et\naccoutumer le corps progressivement \u00e0 l&rsquo;apn\u00e9e. Nous travaillons\n\u00e9galement les techniques et&nbsp;; en particulier, \u00ab&nbsp;la glisse\nsous l\u2019eau&nbsp;\u00bb pour gagner en efficacit\u00e9.<\/p>\n\n\n\n<p> <strong>Le mat\u00e9riel n\u00e9cessaire&nbsp;<\/strong>:<\/p>\n\n\n\n<div class=\"wp-block-image\"><figure class=\"aligncenter size-large\"><img loading=\"lazy\" decoding=\"async\" width=\"198\" height=\"164\" src=\"http:\/\/codep79-plongee.fr\/wp-content\/uploads\/2020\/02\/CPL_img5.png\" alt=\"\" class=\"wp-image-235\"\/><\/figure><\/div>\n\n\n\n<p>La pratique de la plong\u00e9e libre demande un \u00e9quipement minimal. Il \u00e9voluera au fil du temps.<\/p>\n\n\n\n<p>Pour les premi\u00e8res fois, pr\u00e9voyez un masque ou lunettes\/pince-nez et des palmes (type souple jaune de chez Mares).<\/p>\n\n\n\n<p>En compl\u00e9ment vous pourrez acqu\u00e9rir du lest, une combinaison pour les sorties en mer, un shorty pour les sorties en fosse, une paire de lunettes de natation transparente et un pince nez.<\/p>\n\n\n\n<p>Vous pourrez aussi opter pour une mono-palme et d&rsquo;une combinaison pour s&rsquo;entra\u00eener en piscine.<\/p>\n\n\n\n<p>L\u2018\u00e9quipe des encadrants en Apn\u00e9e sont \u00e0 votre disposition pour vous conseiller et vous accompagnez dans vos choix.  <\/p>\n\n\n\n<p><strong>La Pratique de la plong\u00e9e au sein de la FFESSM et de ses clubs<\/strong><\/p>\n\n\n\n<p>Nous vous invitons \u00e0 vous connecter au site Web de la commission National Apn\u00e9e de la FFESM.<\/p>\n\n\n\n<p>Vous y trouverez tous les renseignements et information utiles sur la pratique de la plong\u00e9e libre.<\/p>\n\n\n\n<p>Les manifestations et articles sont \u00e0 d\u00e9couvrir\u2026<\/p>\n\n\n\n<p>Vous trouverez des informations sur les sites des commissions r\u00e9gionales et d\u00e9partementales&nbsp;:<\/p>\n\n\n\n<p><strong>Les formations pratiqu\u00e9es dans le d\u00e9partement des Deux S\u00e8vres <\/strong><\/p>\n\n\n\n<p>Une \u00e9quipe d\u2019encadrement vous accueille plusieurs soirs en semaine et vous propose de participer au cursus de formation d\u00e9finis par la FFESSM . Ces formations pr\u00e9parent aux qualifications n\u00e9cessaires \u00e0 la pratique en s\u00e9curit\u00e9 organis\u00e9e au sein de la FFESSM. Ces qualifications sont reconnus dans la plupart des pays dans le monde.<\/p>\n\n\n\n<p class=\"has-text-align-center\"><strong>Les qualifications ouvrent des pr\u00e9rogatives \u00e0 la pratique de l\u2019apn\u00e9e<\/strong><\/p>\n\n\n\n<div class=\"wp-block-image\"><figure class=\"aligncenter size-large\"><img loading=\"lazy\" decoding=\"async\" width=\"590\" height=\"848\" src=\"http:\/\/codep79-plongee.fr\/wp-content\/uploads\/2020\/02\/CPL_img7.png\" alt=\"\" class=\"wp-image-237\" srcset=\"https:\/\/codep79-plongee.fr\/wp-content\/uploads\/2020\/02\/CPL_img7.png 590w, https:\/\/codep79-plongee.fr\/wp-content\/uploads\/2020\/02\/CPL_img7-209x300.png 209w\" sizes=\"auto, (max-width: 590px) 100vw, 590px\" \/><\/figure><\/div>\n\n\n\n<p class=\"has-text-align-center\"><strong>Commission\n\u00ab&nbsp;APNEE&nbsp;\u00bb du CODEP79<\/strong><\/p>\n\n\n\n<figure class=\"wp-block-image size-large\"><img loading=\"lazy\" decoding=\"async\" width=\"1024\" height=\"488\" src=\"http:\/\/codep79-plongee.fr\/wp-content\/uploads\/2020\/02\/CPL_img8-1024x488.png\" alt=\"\" class=\"wp-image-238\" srcset=\"https:\/\/codep79-plongee.fr\/wp-content\/uploads\/2020\/02\/CPL_img8-1024x488.png 1024w, https:\/\/codep79-plongee.fr\/wp-content\/uploads\/2020\/02\/CPL_img8-300x143.png 300w, https:\/\/codep79-plongee.fr\/wp-content\/uploads\/2020\/02\/CPL_img8-768x366.png 768w, https:\/\/codep79-plongee.fr\/wp-content\/uploads\/2020\/02\/CPL_img8.png 1050w\" sizes=\"auto, (max-width: 1024px) 100vw, 1024px\" \/><\/figure>\n\n\n\n<hr class=\"wp-block-separator\"\/>\n\n\n\n<p class=\"has-text-align-center\"><strong>Compte rendu des r\u00e9unions de la Commission Plong\u00e9e Libre<\/strong><\/p>\n\n\n\n<div class=\"wp-block-file aligncenter\"><a href=\"http:\/\/codep79-plongee.fr\/wp-content\/uploads\/2020\/02\/CPL_CR_2020-02-07.pdf\">Commission Plong\u00e9e Libre &#8211; Compte Rendu du 07-02-2020<\/a><a href=\"http:\/\/codep79-plongee.fr\/wp-content\/uploads\/2020\/02\/CPL_CR_2020-02-07.pdf\" class=\"wp-block-file__button\" download>T\u00e9l\u00e9charger<\/a><\/div>\n\n\n\n<div class=\"wp-block-file aligncenter\"><a href=\"http:\/\/codep79-plongee.fr\/wp-content\/uploads\/2020\/02\/CPL_Reunion_2020-01-01.pdf\">Commission Plong\u00e9e Libre &#8211; R\u00e9union du 10-01-2020<\/a><a href=\"http:\/\/codep79-plongee.fr\/wp-content\/uploads\/2020\/02\/CPL_Reunion_2020-01-01.pdf\" class=\"wp-block-file__button\" download>T\u00e9l\u00e9charger<\/a><\/div>\n","protected":false},"excerpt":{"rendered":"<p>D\u00e9finition de la plong\u00e9e Libre ou Apn\u00e9e (wikip\u00e9dia) Dans le cadre des sports sous-marins, la plong\u00e9e en apn\u00e9e ou plong\u00e9e libre d\u00e9signe la plong\u00e9e avec interruption de la ventilation contrairement \u00e0 la plong\u00e9e en scaphandre autonome dans laquelle le pratiquant respire un gaz sous pression stock\u00e9 dans des bouteilles de plong\u00e9e. La plong\u00e9e en apn\u00e9e d\u00e9clenche automatiquement le r\u00e9flexe d&rsquo;immersion partag\u00e9 par l&rsquo;ensemble des mammif\u00e8res. La plong\u00e9e en apn\u00e9e peut \u00eatre pratiqu\u00e9e comme simple activit\u00e9 de loisir ou en comp\u00e9tition. Elle peut se combiner \u00e0 d&rsquo;autres pratiques subaquatiques dans le cadre de la randonn\u00e9e subaquatique (en alternance avec l&rsquo;utilisation d&rsquo;un tuba une fois en surface), de la photographie sous-marine, de la p\u00eache sous-marine ou du tir sur cible subaquatique. La plong\u00e9e libre fait partie des sports extr\u00eames en raison des risques inh\u00e9rents \u00e0 la recherche de la performance en comp\u00e9tition. Le record de dur\u00e9e est d\u00e9tenu par le fran\u00e7ais St\u00e9phane Mifsud et s&rsquo;\u00e9tablit \u00e0 11 minutes et 35 secondes (apn\u00e9e statique), tandis que l&rsquo;autrichien Herbert Nitsch d\u00e9tient le record de profondeur avec 214&nbsp;m (apn\u00e9e No Limit). Dans le cadre de sa pratique comme activit\u00e9 de loisir, elle est davantage li\u00e9e \u00e0 l&rsquo;exploration sous-marine et constitue une extension plus experte ou plus sportive du snorkeling ouvrant ainsi l&rsquo;acc\u00e8s \u00e0 une exploration des profondeurs. A qui s&rsquo;adresse l&rsquo;apn\u00e9e ? Vous aimez l&rsquo;eau et souhaitez d\u00e9couvrir \u00ab&nbsp;la plong\u00e9e libre&nbsp;\u00bb&nbsp;?Vous chassez en mer et voulez travailler votre apn\u00e9e&nbsp;? Vous voulez pouvoir explorer les fonds marins sans aucun mat\u00e9riel&nbsp;cons\u00e9quent?Vous voulez pratiquez le tir sur cible&nbsp;? Quelque soit votre motivation, la pratique de l&rsquo;apn\u00e9e est ouvert \u00e0 tous \u00e0 partir de 16 ans. Chacun \u00e9volue suivant son propre niveau. Nul besoin d&rsquo;\u00eatre ou d&rsquo;avoir \u00e9t\u00e9 un grand nageur. Les encadrants sont l\u00e0 pour vous accompagner \u00e0 travailler votre technique et la faire \u00e9voluer. Comment est pratiqu\u00e9e l&rsquo;apn\u00e9e ? Au sein des clubs, nous formons, entra\u00eenons et pratiquons en piscine. En parall\u00e8le, nous pratiquons en fosse (-20m) \u00e0 l&rsquo;occasion de sorties organis\u00e9es \u00e0 Civaux. L&rsquo;\u00e9t\u00e9, plusieurs sorties en mer sont programm\u00e9es. Le site de Saint Lin, une carri\u00e8re d\u00e9di\u00e9e aux activit\u00e9s subaquatique, nous pratiquons toutes les activit\u00e9s d\u2019apn\u00e9e verticale. Des stages y sont organis\u00e9s. Techniques d&rsquo;entrainement&nbsp;: La pratique de l&rsquo;apn\u00e9e se travaille sous diff\u00e9rentes formes&nbsp;: statique, dynamique avec palmes, dynamique sans palmes, poids constant etc. N ous commen\u00e7ons l&rsquo;ann\u00e9e par \u00ab&nbsp;muscler&nbsp;\u00bb le c\u0153ur et accoutumer le corps progressivement \u00e0 l&rsquo;apn\u00e9e. Nous travaillons \u00e9galement les techniques et&nbsp;; en particulier, \u00ab&nbsp;la glisse sous l\u2019eau&nbsp;\u00bb pour gagner en efficacit\u00e9. Le mat\u00e9riel n\u00e9cessaire&nbsp;: La pratique de la plong\u00e9e libre demande un \u00e9quipement minimal. Il \u00e9voluera au fil du temps. Pour les premi\u00e8res fois, pr\u00e9voyez un masque ou lunettes\/pince-nez et des palmes (type souple jaune de chez Mares). En compl\u00e9ment vous pourrez acqu\u00e9rir du lest, une combinaison pour les sorties en mer, un shorty pour les sorties en fosse, une paire de lunettes de natation transparente et un pince nez. Vous pourrez aussi opter pour une mono-palme et d&rsquo;une combinaison pour s&rsquo;entra\u00eener en piscine. L\u2018\u00e9quipe des encadrants en Apn\u00e9e sont \u00e0 votre disposition pour vous conseiller et vous accompagnez dans vos choix. La Pratique de la plong\u00e9e au sein de la FFESSM et de ses clubs Nous vous invitons \u00e0 vous connecter au site Web de la commission National Apn\u00e9e de la FFESM. Vous y trouverez tous les renseignements et information utiles sur la pratique de la plong\u00e9e libre. Les manifestations et articles sont \u00e0 d\u00e9couvrir\u2026 Vous trouverez des informations sur les sites des commissions r\u00e9gionales et d\u00e9partementales&nbsp;: Les formations pratiqu\u00e9es dans le d\u00e9partement des Deux S\u00e8vres Une \u00e9quipe d\u2019encadrement vous accueille plusieurs soirs en semaine et vous propose de participer au cursus de formation d\u00e9finis par la FFESSM . Ces formations pr\u00e9parent aux qualifications n\u00e9cessaires \u00e0 la pratique en s\u00e9curit\u00e9 organis\u00e9e au sein de la FFESSM. Ces qualifications sont reconnus dans la plupart des pays dans le monde. Les qualifications ouvrent des pr\u00e9rogatives \u00e0 la pratique de l\u2019apn\u00e9e Commission \u00ab&nbsp;APNEE&nbsp;\u00bb du CODEP79 Compte rendu des r\u00e9unions de la Commission Plong\u00e9e Libre<\/p>\n","protected":false},"author":1,"featured_media":0,"parent":0,"menu_order":0,"comment_status":"closed","ping_status":"closed","template":"","meta":{"footnotes":""},"class_list":["post-226","page","type-page","status-publish","hentry"],"_links":{"self":[{"href":"https:\/\/codep79-plongee.fr\/index.php\/wp-json\/wp\/v2\/pages\/226","targetHints":{"allow":["GET"]}}],"collection":[{"href":"https:\/\/codep79-plongee.fr\/index.php\/wp-json\/wp\/v2\/pages"}],"about":[{"href":"https:\/\/codep79-plongee.fr\/index.php\/wp-json\/wp\/v2\/types\/page"}],"author":[{"embeddable":true,"href":"https:\/\/codep79-plongee.fr\/index.php\/wp-json\/wp\/v2\/users\/1"}],"replies":[{"embeddable":true,"href":"https:\/\/codep79-plongee.fr\/index.php\/wp-json\/wp\/v2\/comments?post=226"}],"version-history":[{"count":8,"href":"https:\/\/codep79-plongee.fr\/index.php\/wp-json\/wp\/v2\/pages\/226\/revisions"}],"predecessor-version":[{"id":247,"href":"https:\/\/codep79-plongee.fr\/index.php\/wp-json\/wp\/v2\/pages\/226\/revisions\/247"}],"wp:attachment":[{"href":"https:\/\/codep79-plongee.fr\/index.php\/wp-json\/wp\/v2\/media?parent=226"}],"curies":[{"name":"wp","href":"https:\/\/api.w.org\/{rel}","templated":true}]}}